{"id":251,"date":"2014-02-26T22:17:42","date_gmt":"2014-02-26T21:17:42","guid":{"rendered":"http:\/\/musiqueflexible.be\/?page_id=251"},"modified":"2024-01-04T13:12:15","modified_gmt":"2024-01-04T12:12:15","slug":"presentation","status":"publish","type":"page","link":"https:\/\/musiqueflexible.be\/?page_id=251","title":{"rendered":"Pr\u00e9sentation"},"content":{"rendered":"<p>Pr\u00e9sentation du groupe \u00ab\u00a0FLEXIBLE\u00a0\u00bb<\/p>\n<p><span style=\"text-decoration: underline;\"><span style=\"color: #000000; text-decoration: underline;\">Ci-dessous un montage d&rsquo;extraits \u00e0 \u00e9couter, avec Natacha Wuyts, Nicolas Fiszman et Kevin Mulligan:<\/span><\/span><\/p>\n<audio class=\"wp-audio-shortcode\" id=\"audio-251-1\" preload=\"none\" style=\"width: 100%;\" controls=\"controls\"><source type=\"audio\/mpeg\" src=\"https:\/\/musiqueflexible.be\/wp-content\/uploads\/2024\/01\/montage-flexible.mp3?_=1\" \/><a href=\"https:\/\/musiqueflexible.be\/wp-content\/uploads\/2024\/01\/montage-flexible.mp3\">https:\/\/musiqueflexible.be\/wp-content\/uploads\/2024\/01\/montage-flexible.mp3<\/a><\/audio>\n<p><\/p>\n<p>Cr\u00e9\u00e9 par Frank Wuyts (Claviers) et Denis Van Hecke (Violoncelle) fin des ann\u00e9es 70, \u00e0 l&rsquo;origine le groupe se nommait \u00ab\u00a0Musique Flexible\u00a0\u00bb, humour, musique et changements de style ont toujours accompagn\u00e9s \u00e0 l&rsquo;\u00e9poque les concerts compl\u00e8tement improvis\u00e9s.<br>A la base en duo, dans les ann\u00e9es 80 le groupe s&rsquo;est transform\u00e9 en quintet avec Michel Berckmans (Basson) Nicolas Fiszman (Basse) et Jan De Haas (Batterie)<br>Ensuite dans les ann\u00e9es 90, le groupe s&rsquo;est produit en trio avec Michel Berckmans.<br>Apr\u00e8s une p\u00e9riode d&rsquo;inactivit\u00e9, Frank et Denis ont repris la formule duo de 2008 \u00e0 2010<\/p>\n<p style=\"text-align: center;\"><a href=\"http:\/\/musiqueflexible-be.preview-domain.com\/wp-content\/uploads\/2014\/02\/frank-denis.jpg\"><img loading=\"lazy\" decoding=\"async\" class=\"alignnone  wp-image-269\" src=\"http:\/\/musiqueflexible-be.preview-domain.com\/wp-content\/uploads\/2014\/02\/frank-denis1-300x200.jpg\" alt=\"\" width=\"735\" height=\"490\" srcset=\"https:\/\/musiqueflexible.be\/wp-content\/uploads\/2014\/02\/frank-denis1-300x200.jpg 300w, https:\/\/musiqueflexible.be\/wp-content\/uploads\/2014\/02\/frank-denis1.jpg 705w\" sizes=\"auto, (max-width: 735px) 100vw, 735px\" \/><\/a><\/p>\n<p style=\"text-align: center;\">Denis ayant rejoint le firmament en janvier 2012, le Marni (Bruxelles) a demand\u00e9 \u00e0 Frank Wuyts d&rsquo;organiser un concert hommage \u00e0 Denis pour son festival de jazz autour du violoncelle, le hasard (qui n&rsquo;existe pas \ud83d\ude09 ) ayant fait que Frank avait rencontr\u00e9 peu de temps avant le violoncelliste am\u00e9ricain Eric Longsworth (qui vit en France), que Nicolas Fiszman \u00e9tait tr\u00e8s enthousiaste pour rejouer de la musique flexible, que Natacha Wuyts (Chant) se sentait honor\u00e9e de remplacer les \u00e9lucubrations vocales de Denis et que Kevin Mulligan (Guitare) \u00e9tait ravi de participer \u00e0 cette aventure, \u00ab\u00a0Flexible\u00a0\u00bb s&rsquo;est form\u00e9 et vu le succ\u00e8s du concert, Frank, qui depuis le d\u00e9part de son pote pensait stopper d\u00e9finitivement ce projet, a d\u00e9cid\u00e9 de continuer avec la merveilleuse nouvelle \u00e9quipe<\/p>\n<p>Emotions, improvisations, humour, musique, jazz, rock, chanson, textes, yaourt, surr\u00e9alisme et un peu de th\u00e9\u00e2tre font de \u00ab Flexible \u00bb un groupe tr\u00e8s original et en tout cas tr\u00e8s belge, certains morceaux sont graves ou l\u00e9gers et d&rsquo;autres compl\u00e8tement loufoques &#8230; ci-dessous un article \u00e9crit par Max Vandervorst apr\u00e8s un concert<\/p>\n<p><i>Musique Flexible, clavier, basse, guitare, chant et m\u00e9lodica.<\/i><\/p>\n<p><i>Ces quatre-l\u00e0 arrivent rapidement \u00e0 nous prendre par l&rsquo;oreille pour nous emmener dans un voyage sonore capiteux, aliment\u00e9 tant par leurs prouesses instrumentales et vocales que par l&rsquo;esprit qui souffle entre les musiciens : \u00e9coute, tranquillit\u00e9, sourire et complicit\u00e9 non feinte. Musicalement, on se balade (de jazz) entre \u00e9vocations fanfaronnes, nostalgie proustienne et boogie un peu zot, on glisse comme sur un toboggan d&rsquo;une m\u00e9lodie espi\u00e8gle vers un grand m\u00e9chant groove qui tue et qui rend fou, lequel se fondra bient\u00f4t en petite valse goguenarde ou en reggae tr\u00e8s gai. <i>Des textes graves et l\u00e9gers sont dits, chant\u00e9s, murmur\u00e9s et ris, par Natacha Wuyts, la ni\u00e8ce du maestro Frank. Une voix qui sonne juste dans tous les sens du terme, assortie d&rsquo;un tr\u00e8s beau jeu de main. A la basse, Nicolas Fiszman tricote un groove \u00e9l\u00e9gant et lyrique, avec cette tranquillit\u00e9 qui est l&rsquo;apanage des grands. Tandis que le guitariste Kevin Mulligan -encore un p&rsquo;tit jeune qui commence &#8211; nous r\u00e9gale de ses contrepoints quasi minimalistes et autres petites fac\u00e9ties sonores concoct\u00e9es \u00e0 grands coups de p\u00e9dales. Last but not least, Frank Wuyts alterne ses mains espi\u00e8gles et baladeuses sur clavier Roland et m\u00e9lodica, sans faire de jaloux, pr\u00eatant joliment sa voix au duo familial. Une super soir\u00e9e et de la musique comme on aimerait qu&rsquo;elle le soit plus souvent, \u00e0 l&rsquo;image de la vie, humaine et naturelle. Attention Mesdames et Messieurs, le Flexible Nouveau est arriv\u00e9. \u00c7a va faire mal et surtout beaucoup de bien. Lang zullen ze leven&#8230; Max Vandervorst, 3 f\u00e9vrier 2013<\/i><br><\/i><\/p>\n<p><a href=\"http:\/\/musiqueflexible-be.preview-domain.com\/wp-content\/uploads\/2014\/02\/quartet.jpg\"><img loading=\"lazy\" decoding=\"async\" class=\"aligncenter size-full wp-image-258\" src=\"http:\/\/musiqueflexible-be.preview-domain.com\/wp-content\/uploads\/2014\/02\/quartet.jpg\" alt=\"quartet\" width=\"568\" height=\"862\" srcset=\"https:\/\/musiqueflexible.be\/wp-content\/uploads\/2014\/02\/quartet.jpg 568w, https:\/\/musiqueflexible.be\/wp-content\/uploads\/2014\/02\/quartet-198x300.jpg 198w\" sizes=\"auto, (max-width: 568px) 100vw, 568px\" \/><\/a><\/p>\n<p>Michel Hatzigeorgiu remplace \u00e9ventuellement Nicolas quand il n&rsquo;est pas libre<\/p>\n<p><a href=\"http:\/\/musiqueflexible-be.preview-domain.com\/wp-content\/uploads\/2014\/02\/michel.jpg\"><img loading=\"lazy\" decoding=\"async\" class=\"aligncenter size-full wp-image-261\" src=\"http:\/\/musiqueflexible-be.preview-domain.com\/wp-content\/uploads\/2014\/02\/michel.jpg\" alt=\"michel\" width=\"287\" height=\"431\" srcset=\"https:\/\/musiqueflexible.be\/wp-content\/uploads\/2014\/02\/michel.jpg 287w, https:\/\/musiqueflexible.be\/wp-content\/uploads\/2014\/02\/michel-200x300.jpg 200w\" sizes=\"auto, (max-width: 287px) 100vw, 287px\" \/><\/a><\/p>\n<p><a href=\"http:\/\/musiqueflexible-be.preview-domain.com\/wp-content\/uploads\/2014\/02\/marni.jpg\"><img loading=\"lazy\" decoding=\"async\" class=\" wp-image-259 aligncenter\" src=\"http:\/\/musiqueflexible-be.preview-domain.com\/wp-content\/uploads\/2014\/02\/marni-300x200.jpg\" alt=\"\" width=\"656\" height=\"437\" srcset=\"https:\/\/musiqueflexible.be\/wp-content\/uploads\/2014\/02\/marni-300x200.jpg 300w, https:\/\/musiqueflexible.be\/wp-content\/uploads\/2014\/02\/marni-1024x682.jpg 1024w, https:\/\/musiqueflexible.be\/wp-content\/uploads\/2014\/02\/marni-768x512.jpg 768w, https:\/\/musiqueflexible.be\/wp-content\/uploads\/2014\/02\/marni.jpg 1429w\" sizes=\"auto, (max-width: 656px) 100vw, 656px\" \/><img loading=\"lazy\" decoding=\"async\" class=\"aligncenter size-large wp-image-259\" src=\"http:\/\/musiqueflexible-be.preview-domain.com\/wp-content\/marni-1024x682.jpg\" alt=\"marni\" width=\"550\" height=\"366\"><\/a><\/p>\n\n\n\n\n\n\n\n","protected":false},"excerpt":{"rendered":"<p>Pr\u00e9sentation du groupe \u00ab\u00a0FLEXIBLE\u00a0\u00bb Ci-dessous un montage d&rsquo;extraits \u00e0 \u00e9couter, avec Natacha Wuyts, Nicolas Fiszman et Kevin Mulligan: Cr\u00e9\u00e9 par Frank Wuyts (Claviers) et Denis Van Hecke (Violoncelle) fin des ann\u00e9es 70, \u00e0 l&rsquo;origine le groupe se nommait \u00ab\u00a0Musique Flexible\u00a0\u00bb, humour, musique et changements de style ont toujours accompagn\u00e9s \u00e0 l&rsquo;\u00e9poque les concerts compl\u00e8tement improvis\u00e9s.A [&hellip;]<\/p>\n","protected":false},"author":2,"featured_media":0,"parent":0,"menu_order":0,"comment_status":"open","ping_status":"open","template":"","meta":{"ngg_post_thumbnail":0,"footnotes":""},"class_list":["post-251","page","type-page","status-publish","hentry","post-preview"],"_links":{"self":[{"href":"https:\/\/musiqueflexible.be\/index.php?rest_route=\/wp\/v2\/pages\/251","targetHints":{"allow":["GET"]}}],"collection":[{"href":"https:\/\/musiqueflexible.be\/index.php?rest_route=\/wp\/v2\/pages"}],"about":[{"href":"https:\/\/musiqueflexible.be\/index.php?rest_route=\/wp\/v2\/types\/page"}],"author":[{"embeddable":true,"href":"https:\/\/musiqueflexible.be\/index.php?rest_route=\/wp\/v2\/users\/2"}],"replies":[{"embeddable":true,"href":"https:\/\/musiqueflexible.be\/index.php?rest_route=%2Fwp%2Fv2%2Fcomments&post=251"}],"version-history":[{"count":2,"href":"https:\/\/musiqueflexible.be\/index.php?rest_route=\/wp\/v2\/pages\/251\/revisions"}],"predecessor-version":[{"id":760,"href":"https:\/\/musiqueflexible.be\/index.php?rest_route=\/wp\/v2\/pages\/251\/revisions\/760"}],"wp:attachment":[{"href":"https:\/\/musiqueflexible.be\/index.php?rest_route=%2Fwp%2Fv2%2Fmedia&parent=251"}],"curies":[{"name":"wp","href":"https:\/\/api.w.org\/{rel}","templated":true}]}}